*w + 7. Let r = -291 + 296. Give y(r).
17
Let j(z) = z**3 + 28*z**2 - 2*z - 62. Let g be j(-28). Let y(a) = -a**3 - 6*a**2. Give y(g).
0
Suppose 5*k - 2 = 8. Let c(y) = -y - 2 + y + k*y - y. Suppose -4*p + 0 + 12 = 0. What is c(p)?
1
Let n(r) = 12*r**3 - r**2 + 1. Let z(a) = a**2 + 16*a + 17. Let k be z(-15). Suppose 0 = 7*w + 9 - k. What is n(w)?
-12
Let l(u) = -3*u**2 - 2*u - 80. Let x(n) = n**2 + 26. Let a(b) = 6*l(b) + 19*x(b). Let f be 90/8 - (-5)/(-20). Calculate a(f).
3
Let p(m) be the third derivative of m**6/120 + m**4/12 - m**3/3 + 10*m**2. Let u be 5/10 - 2/(-4). Let a = u + 1. Determine p(a).
10
Let f(z) = z**3 - 32*z**2 + 31*z. Let p be f(31). Let v(c) = c**3 - c + 12. What is v(p)?
12
Let h(m) = 9*m**3 - 17*m**2 + 18*m - 9. Let c(x) = -11*x**3 + 19*x**2 - 20*x + 10. Let b(s) = 5*c(s) + 6*h(s). Calculate b(-8).
-4
Let i(f) = 4*f**2 + 4*f + 3. Let s(h) = -h**3 - 2*h**2 + 2*h + 2. Suppose 38 = -3*n + 32. Let c be s(n). Calculate i(c).
11
Let z(k) = -k**3 - 6*k**2 - 3*k + 14. Let x be z(-5). Let c(b) be the second derivative of -1/6*b**3 - x*b + 0 + b**2. Give c(-4).
6
Suppose 3*g + 3 = 4*o, 3*o - 2*g + 6 = 3*g. Let t be o/5 - (-6)/15. Let r(c) be the second derivative of -5*c**4/12 - c**3/3 + c**2/2 - c. What is r(t)?
-6
Let o = 75 - 65. Suppose o = -5*l, -2*l + 0 = 3*n + 16. Let a(v) = 5*v + 1. Give a(n).
-19
Let y(i) = -3*i**2 + i**3 + 6*i - 8 + 10*i**2 + 2 + 0*i**3 - 2*i. Calculate y(-6).
6
Let k(u) = 98 - 26 - 24 + u - 25 - 19. Determine k(-6).
-2
Let t(p) = p - 4 + 5 + 4*p. Suppose 0 = 8*h - 4*h + 3*r - 22, -5*r = -10. Determine t(h).
21
Let s(c) = c**2 + 4*c - 7. Suppose -4*u - w - 71 = -511, 4*w = 3*u - 330. Let d = -117 + u. Determine s(d).
14
Let j be 25/(-75) - (-110)/6. Let q(m) = 11*m + 4*m**3 + j - 10*m - 3*m**3 - 16. Determine q(-2).
-8
Let y(l) = -l**2 - 5*l + 12. Let o be y(-7). Let v(w) = -w**3 + 3*w**2 + 6*w - 6. Let d be v(4). Let c(t) = t**3 - 4*t**3 + d + t + 2*t**3. Determine c(o).
8
Let v = -8 + 8. Let j(f) = f**2 - f - 1. Let x(d) = 10. Let t(p) = j(p) + x(p). Give t(v).
9
Let x(b) = b + 0*b + b - 3*b - 3*b**2. Let j = -1 - -5. Suppose -5*z + 20 = 0, -4*a + 3*a = j*z - 15. Calculate x(a).
-2
Let p(i) = i**3 - i**2 - i - 5. Suppose -7 + 7 = 11*h. Determine p(h).
-5
Suppose -3*o + 17 = -2*r, -3*r + o = 5*o. Let f(d) = 3 - 5*d + d**3 + 3*d**2 + 2 + 4*d. Calculate f(r).
-7
Let d(i) = 9*i + 112. Let f be d(-12). Let z(q) = -q**3 + 5*q**2 + 4*q - 6. Determine z(f).
26
Let s(t) = 4*t**2 + t. Let f be s(-1). Let w(u) be the first derivative of 7*u**2/2 - 3*u + 103. What is w(f)?
18
Suppose -5*x = -x. Let w be (1 + x)/(-1 - 0). Let k(m) = -69 - 109 + 9*m + 179. Calculate k(w).
-8
Let i(t) = 2*t + 3. Let j be (2/7)/(15/315). Give i(j).
15
Let p(y) = 25 - 50 + 2*y + 24. Let c(v) = -v**3 + 3*v**2 + 5*v - 6. Let x be c(4). Let s be -2*(-1)/x*1. Determine p(s).
-3
Let c(q) = -2*q**3 + 6*q**2 + 11*q + 9. Let m(j) = j**3 - 6*j**2 - 10*j - 8. Let i = 25 + -23. Let p(y) = i*c(y) + 3*m(y). Give p(-5).
9
Suppose -11*z + 2 = -10*z. Let u(x) = -x + 7*x**z - 2*x - 15*x**2 + 5*x - 1. Give u(1).
-7
Let c(v) = -v**3 - 12*v**2 - 10*v + 15. Let z be (-7)/49*79 + 2/7. What is c(z)?
4
Let q(s) = -5*s**3 + 10*s**2 + 19*s - 28. Let w(p) = 4*p**3 - 8*p**2 - 17*p + 26. Let x(f) = -3*q(f) - 4*w(f). Give x(2).
2
Let f(w) = 3 - 3*w - 7*w + 2*w. Give f(5).
-37
Suppose 99 = 5*b + 2*l, 5*l + 25 + 22 = 3*b. Let v(y) = 0*y + b*y**2 + 1 + 3 - y**3 - 24*y**2 + 6*y. Suppose 2*q + 18 = -q. Give v(q).
4
Let p = 23 + -10. Let x(s) = -6 - s**3 - 1 + 3*s + 4*s**2 + p. Determine x(5).
-4
Let t be ((-3)/(-9))/(72/648). Let i(s) be the first derivative of -1/3*s**t + 12 + 6*s - 7/2*s**2. Give i(-7).
6
Suppose -12*m - l - 1 = -10*m, 3*m = 4*l - 18. Let s(p) = 8*p + 11. Calculate s(m).
-5
Let p(c) = -3*c**2 + 2*c + 1. Let l(u) = -1 + 9 - u**2 - 8*u + 6. Let i be l(-10). Let s(x) = -2*x - 13. Let y be s(i). Give p(y).
-4
Suppose 5 - 7 = -l, 2*a + 3*l - 12 = 0. Let g(m) be the second derivative of -1/3*m**4 + 1/20*m**5 + 1/2*m**3 - a*m + 0 - 1/2*m**2. What is g(2)?
-3
Let c(n) = n**3 - 29 - 2*n + 24 + 10*n**2 + 10*n + 3*n. Calculate c(-9).
-23
Let v(d) be the first derivative of d**3/3 + 5*d**2/2 + 3*d - 2. Let z be v(-3). Let c(w) = -2*w - 4. Determine c(z).
2
Let n(o) = -o + 10. Let j = 47 - 22. Let h = j + -25. Determine n(h).
10
Let l(z) be the second derivative of 0 + 0*z**2 - 1/20*z**5 + 7*z - 5/12*z**4 + 7/6*z**3. Calculate l(-6).
-6
Let b(c) = -64*c + 99. Let p(v) = -54*v + 100. Let x(y) = 4*b(y) - 5*p(y). Give x(7).
-6
Let c(l) = l - 3. Let o(a) = -a. Let p(r) = -3*c(r) - 2*o(r). Calculate p(-8).
17
Suppose -3*o + 27 + 63 = 0. Let b = o - 26. Let f(q) be the third derivative of q**5/60 - q**4/4 + q**3/3 - q**2. Calculate f(b).
-6
Let l = 16 - 14. Let s(o) = -3*o**2 - 4 + 0*o**l - o**3 + 4*o + 6*o**2. What is s(4)?
-4
Let h(y) = -2*y**3 + 2*y**2 - 1. Suppose -2*w = -4*w + 6. Let q = w - 1. Determine h(q).
-9
Suppose 6*q + 4*q = 380. Suppose 3*s = -5*w + 22, 5*w = 5*s - 8 + q. Let r(y) = -3 + 3 + 5*y. Give r(s).
-5
Let d(b) = 3*b**3 - 2*b**2 + 4*b + 4. Let p(g) = -7*g**3 + 4*g**2 - 9*g - 12. Let j(m) = -5*d(m) - 2*p(m). Give j(3).
-11
Let z(f) = f**2 - 8*f - 7. Let c = -7 - 1. Let q = 1 - c. Determine z(q).
2
Let b(g) = g**2 + 3*g - 4. Let v be ((-100)/55 - -2) + 60/33. Determine b(v).
6
Suppose 0 = 49*d - 46*d - 342. Let b(i) = -1 - d*i + 218*i + i**2 - 112*i. Calculate b(8).
-1
Let g(a) = a**2 + 7*a - 5. Let f be g(-7). Let z(q) = q + 4. Let t be z(f). Let j(b) = -8*b - 4. Let d(p) = 7*p + 3. Let u(n) = 3*d(n) + 2*j(n). Calculate u(t).
-4
Let s(j) be the third derivative of j**5/60 - j**4/24 - 145*j**2 + 1. Determine s(-6).
42
Let y be (1/(-6))/((-160)/16). Let n(p) be the third derivative of -3/2*p**3 + 0*p + 0 + 3*p**2 - y*p**5 + 1/3*p**4. Determine n(6).
3
Let y = 9 - 31. Let b be (5 - y/(-4))/(2/8). Let u(f) = -4*f**2 - 3*f. Calculate u(b).
-10
Let i(n) = n**2 - 2*n - 2. Let r be i(-2). Let v(p) = 5810*p**2 - p**3 - 2 - 6 - 5805*p**2 + 7*p. Calculate v(r).
-2
Let s(a) = -a - 15. Suppose 5*x = 3*p + 53, 4*x = 31*p - 32*p - 12. Give s(p).
1
Let u(k) = -10*k**2 - 12*k + 15. Suppose 2 = -0*f + f. Let w(s) = 3*s**2 + 4*s - 5. Let m(z) = f*u(z) + 7*w(z). What is m(-5)?
0
Let b(j) be the third derivative of j**5/60 - 5*j**4/12 + 5*j**3/6 - 546*j**2. Determine b(6).
-19
Let r(f) be the second derivative of -f**3/2 + f**2/2 + f. Suppose -3*m - 3*b = -69, 88 = 4*m - 2*b + 5*b. Suppose m*c - 25*c - 18 = 0. Determine r(c).
10
Let l be 3/12 - (-483)/(-12). Let c = l + 20. Let q = 22 + c. Let z(h) = -h**2 - h + 2. Calculate z(q).
-4
Let p(q) = 2*q - 10. Let m be p(6). Suppose -l = 1 - 0, -i - 1 = m*l. Let x(b) = -2*b**2 - b + 5*b + 0*b + 3*b**2 + i. What is x(-4)?
1
Let x(j) = -169*j**2 - j + 329*j**2 - 165*j**2 + j**3 + 3. Give x(5).
-2
Let m be (10/45*-12)/((-6)/9). Suppose -m = 11*a + 7. Let q(c) = -3*c**2 + 1. Calculate q(a).
-2
Let u(b) = -b**3 - 6*b**2 - 9*b - 4. Let q be u(-2). Let l be ((6/(-9))/((-5)/(-30)))/q. Let f(y) = -8*y + 1. What is f(l)?
-15
Let d(x) = -5*x**3 + 26*x**2 + 23*x - 5. Let y(u) = 3*u**3 - 17*u**2 - 15*u + 3. Suppose 0 = 4*r + 38 - 6. Let z(i) = r*y(i) - 5*d(i). Determine z(-5).
1
Let c = -18 + 29. Suppose 4*l - c - 9 = 0. Let d(f) = l - 2 - 5*f - 3. Calculate d(1).
-5
Let v(n) be the first derivative of n**4/4 + n**3 - n - 5. Let s be 190/8 - (-2)/8. Suppose 0 = -2*d - 5*q + 23, s = d + 2*q + 3*q. Calculate v(d).
1
Let t be (1 + -3 - -8) + -6. Let s(j) = j**2 + j + 2. Let p(z) = -3*z**2 - 3*z - 7. Let i(f) = 2*p(f) + 7*s(f). Calculate i(t).
0
Let v(c) be the second derivative of -c**3/6 - 7*c**2 + 27*c. Let j be (-31)/4 - (-1)/(-4). What is v(j)?
-6
Let x(g) = 3*g + 3. Let r(p) = p + 1. Let k(d) = -14*r(d) + 4*x(d). Let f(q) = q - 12. Let i be f(10). What is k(i)?
2
Let k(f) = 2*f**2 + 4*f + 2. Let q(u) = 2*u**2 + 18*u + 19. Let v be q(-8). Suppose -4*b + 4 = 2*r, -v*b = 4*r - 0*b + 2. What is k(r)?
2
Suppose -3*a + 6*a = 18. Suppose 2*j + j = a. Let x(q) = -2*q + q**3 - 3*q + 6*q**j - 5 + 3*q - 2. Calculate x(-6).
5
Let d(k) = -8*k**2 - 4 - 1854*k + 1854*k - k**3. What is d(-8)?
-4
Let r(f) be the second derivative of -f**6/360 - f**5/30 + f**4/24 + f**3/3 - 2*f. Let b(u) be the second derivative of r(u). Let s = 41 - 45. Calculat